353
List the prime factors of 40598.
2, 53, 383
What are the prime factors of 1152286?
2, 29, 19867
List the prime factors of 10112.
2, 79
What are the prime factors of 258240?
2, 3, 5, 269
What are the prime factors of 90476?
2, 22619
List the prime factors of 5063292.
2, 3, 13, 31, 349
What are the prime factors of 1185468?
2, 3, 223, 443
List the prime factors of 157624.
2, 17, 19, 61
List the prime factors of 577967.
13, 23, 1933
List the prime factors of 608908.
2, 191, 797
What are the prime factors of 1061651?
1061651
List the prime factors of 250203.
3, 83401
List the prime factors of 5391859.
11, 490169
List the prime factors of 416775.
3, 5, 5557
List the prime factors of 2311895.
5, 43, 10753
What are the prime factors of 6368058?
2, 3, 13103
What are the prime factors of 4841845?
5, 23, 71, 593
List the prime factors of 482700.
2, 3, 5, 1609
What are the prime factors of 174908?
2, 73, 599
List the prime factors of 295586.
2, 147793
List the prime factors of 1040590.
2, 5, 104059
List the prime factors of 536191.
536191
List the prime factors of 14073283.
7, 37, 67, 811
List the prime factors of 7138.
2, 43, 83
List the prime factors of 8097643.
8097643
List the prime factors of 1096122.
2, 3, 182687
What are the prime factors of 864414?
2, 3, 48023
What are the prime factors of 233746?
2, 73, 1601
List the prime factors of 3948106.
2, 1974053
What are the prime factors of 219363?
3, 73121
List the prime factors of 199086.
2, 3, 33181
List the prime factors of 19501874.
2, 7, 647, 2153
List the prime factors of 1212097.
67, 79, 229
What are the prime factors of 2823187?
173, 16319
List the prime factors of 20214.
2, 3, 1123
List the prime factors of 2276827.
7, 17, 19, 53
List the prime factors of 96241.
157, 613
List the prime factors of 112625.
5, 17, 53
What are the prime factors of 314611?
11, 37, 773
List the prime factors of 11501404.
2, 199, 14449
List the prime factors of 3126880.
2, 5, 19543
What are the prime factors of 162721?
13, 12517
What are the prime factors of 4226211?
3, 11, 42689
What are the prime factors of 188174?
2, 7, 13441
What are the prime factors of 87762?
2, 3, 14627
What are the prime factors of 494982?
2, 3, 107, 257
What are the prime factors of 256113?
3, 11, 13, 199
What are the prime factors of 1714019?
317, 5407
List the prime factors of 2323786.
2, 1161893
What are the prime factors of 2895836?
2, 723959
What are the prime factors of 13739947?
13, 23, 45953
List the prime factors of 243577.
243577
List the prime factors of 19757141.
683, 28927
List the prime factors of 610851.
3, 203617
List the prime factors of 180265.
5, 31, 1163
What are the prime factors of 45677?
45677
What are the prime factors of 1607752?
2, 73, 2753
What are the prime factors of 7635634?
2, 3817817
What are the prime factors of 14925824?
2, 911
What are the prime factors of 17925768?
2, 3, 7, 5081
List the prime factors of 2366937.
3, 181, 1453
What are the prime factors of 45583?
79, 577
What are the prime factors of 488000?
2, 5, 61
What are the prime factors of 683448?
2, 3, 28477
List the prime factors of 113396.
2, 28349
What are the prime factors of 137808?
2, 3, 11, 29
List the prime factors of 663170.
2, 5, 17, 47, 83
List the prime factors of 27499558.
2, 103, 133493
What are the prime factors of 4427536?
2, 276721
What are the prime factors of 815579?
31, 26309
What are the prime factors of 1818051?
3, 606017
What are the prime factors of 3613631?
7, 516233
List the prime factors of 14323552.
2, 447611
List the prime factors of 34013455.
5, 7, 359, 2707
What are the prime factors of 637284?
2, 3, 23, 2309
What are the prime factors of 1014485?
5, 137, 1481
List the prime factors of 1428952.
2, 7, 17, 19, 79
What are the prime factors of 1082214?
2, 3, 7, 409
What are the prime factors of 1406343?
3, 468781
What are the prime factors of 785417?
17, 47, 983
List the prime factors of 8263078.
2, 4131539
What are the prime factors of 12097225?
5, 7, 69127
List the prime factors of 560803.
560803
What are the prime factors of 1180464?
2, 3, 24593
What are the prime factors of 3813699?
3, 19, 23, 2909
List the prime factors of 7917487.
7917487
What are the prime factors of 13942290?
2, 3, 5, 59, 7877
What are the prime factors of 561160?
2, 5, 14029
List the prime factors of 4288663.
127, 33769
List the prime factors of 22896317.
22896317
List the prime factors of 4992823.
11, 41263
What are the prime factors of 145694?
2, 97, 751
List the prime factors of 150983.
7, 21569
What are the prime factors of 1193643?
3, 11, 4019
List the prime factors of 2870500.
2, 5, 5741
What are the prime factors of 1097525?
5, 11, 13, 307
List the prime factors of 3451436.
2, 149, 5791
What are the prime factors of 2407773?
3, 881, 911
List the prime factors of 1526741.
1526741
What are the prime factors of 99112?
2, 13, 953
What are the prime factors of 3157138?
2, 17, 92857
What are the prime factors of 1326358?
2, 11, 60289
List the prime factors of 549690.
2, 3, 5, 73, 251
What are the prime factors of 294415?
5, 11, 53, 101
List the prime factors of 7431580.
2, 5, 13, 101, 283
What are the prime factors of 5400222?
2, 3, 900037
List the prime factors of 2466658.
2, 23, 53623
What are the prime factors of 22969838?
2, 311, 36929
What are the prime factors of 93119?
13, 19, 29
What are the prime factors of 21590577?
3, 799651
What are the prime factors of 615994?
2, 479, 643
What are the prime factors of 19403?
19403
List the prime factors of 9351167.
7, 43, 47, 661
List the prime factors of 15324065.
5, 829, 3697
List the prime factors of 233766.
2, 3, 13, 37
What are the prime factors of 1603325?
5, 59, 1087
List the prime factors of 243889.
243889
What are the prime factors of 1378587?
3, 7, 65647
List the prime factors of 195711.
3, 89, 733
What are the prime factors of 29894336?
2, 167, 2797
What are the prime factors of 5864214?
2, 3, 977369
What are the prime factors of 222903?
3, 24767
What are the prime factors of 331094?
2, 19, 8713
What are the prime factors of 280936?
2, 35117
What are the prime factors of 154763?
7, 22109
List the prime factors of 11095557.
3, 11, 101, 3329
What are the prime factors of 41634?
2, 3, 257
What are the prime factors of 414803?
414803
List the prime factors of 3244502.
2, 757, 2143
What are the prime factors of 15494775?
3, 5, 206597
What are the prime factors of 119860?
2, 5, 13, 461
What are the prime factors of 305265?
3, 5, 47, 433
What are the prime factors of 10588180?
2, 5, 631, 839
List the prime factors of 105830.
2, 5, 19, 557
What are the prime factors of 8315205?
3, 5, 554347
What are the prime factors of 1560457?
1560457
What are the prime factors of 309593?
73, 4241
List the prime factors of 1448025.
3, 5, 43, 449
List the prime factors of 145532.
2, 36383
What are the prime factors of 3115201?
3115201
List the prime factors of 369645.
3, 5, 19, 1297
What are the prime factors of 584276?
2, 7, 11, 271
What are the prime factors of 23189313?
3, 7, 23, 41, 1171
List the prime factors of 96890.
2, 5, 9689
List the prime factors of 179431.
7, 25633
What are the prime factors of 10176937?
659, 15443
What are the prime factors of 5533715?
5, 11, 100613
What are the prime factors of 586005?
3, 5, 7, 5581
What are the prime factors of 2158224?
2, 3, 44963
What are the prime factors of 6751761?
3, 691, 3257
List the prime factors of 7463737.
7463737
What are the prime factors of 1520894?
2, 760447
What are the prime factors of 11549?
11549
What are the prime factors of 1067477?
19, 2957
List the prime factors of 27657.
3, 7, 439
List the prime factors of 372866.
2, 13, 14341
List the prime factors of 1667768.
2, 17, 12263
What are the prime factors of 114834?
2, 3, 19139
What are the prime factors of 3439454?
2, 101, 17027
What are the prime factors of 755361?
3, 17, 4937
What are the prime factors of 735541?
191, 3851
List the prime factors of 384791.
11, 34981
What are the prime factors of 6606378?
2, 3, 367021
List the prime factors of 1348066.
2, 17, 31, 1279
List the prime factors of 34377.
3, 7, 1637
What are the prime factors of 278085?
3, 5, 18539
List the prime factors of 260827.
7, 5323
What are the prime factors of 1375921?
1375921
What are the prime factors of 239659?